{"id":46,"date":"2022-01-04T01:27:23","date_gmt":"2022-01-04T01:27:23","guid":{"rendered":"https:\/\/el3.thembaydev.com\/maia\/?post_type=product&#038;p=46"},"modified":"2023-11-29T12:38:21","modified_gmt":"2023-11-29T11:38:21","slug":"lampe-led-2-en-1","status":"publish","type":"product","link":"https:\/\/chiyakastore.com\/index.php\/product\/lampe-led-2-en-1\/","title":{"rendered":"Lampe LED 2 en 1 en forme de lune, aliment\u00e9e par USB, 3D, veilleuse d\u00e9corative d&#8217;int\u00e9rieur pour chambre \u00e0 coucher, cadeau pour enfants, lumi\u00e8res de plan\u00e8te"},"content":{"rendered":"\t\t<div data-elementor-type=\"wp-post\" data-elementor-id=\"46\" class=\"elementor elementor-46\">\n\t\t\t\t\t\t\t\t\t<section class=\"elementor-section elementor-top-section elementor-element elementor-element-8bf379d elementor-section-boxed elementor-section-height-default elementor-section-height-default\" data-id=\"8bf379d\" data-element_type=\"section\">\n\t\t\t\t\t\t<div class=\"elementor-container elementor-column-gap-no\">\n\t\t\t\t\t<div class=\"elementor-column elementor-col-100 elementor-top-column elementor-element elementor-element-64847c2\" data-id=\"64847c2\" data-element_type=\"column\">\n\t\t\t<div class=\"elementor-widget-wrap elementor-element-populated\">\n\t\t\t\t\t\t\t\t<div class=\"elementor-element elementor-element-dd0b626 elementor-widget elementor-widget-text-editor\" data-id=\"dd0b626\" data-element_type=\"widget\" data-widget_type=\"text-editor.default\">\n\t\t\t\t<div class=\"elementor-widget-container\">\n\t\t\t<style>\/*! elementor - v3.17.0 - 08-11-2023 *\/\n.elementor-widget-text-editor.elementor-drop-cap-view-stacked .elementor-drop-cap{background-color:#69727d;color:#fff}.elementor-widget-text-editor.elementor-drop-cap-view-framed .elementor-drop-cap{color:#69727d;border:3px solid;background-color:transparent}.elementor-widget-text-editor:not(.elementor-drop-cap-view-default) .elementor-drop-cap{margin-top:8px}.elementor-widget-text-editor:not(.elementor-drop-cap-view-default) .elementor-drop-cap-letter{width:1em;height:1em}.elementor-widget-text-editor .elementor-drop-cap{float:left;text-align:center;line-height:1;font-size:50px}.elementor-widget-text-editor .elementor-drop-cap-letter{display:inline-block}<\/style>\t\t\t\t<p>Lampe LED 2 en 1 en forme de lune, aliment\u00e9e par USB, 3D, veilleuse d\u00e9corative d&#8217;int\u00e9rieur pour chambre \u00e0 coucher, cadeau pour enfants, lumi\u00e8res de plan\u00e8te<br \/>[Conception en forme de plan\u00e8te] &#8212; Ce diffuseur de lune a une forme de plan\u00e8te dans la galaxie qui a un concept spatial. Il est fabriqu\u00e9 en ABS, PP et silicone avec un design distinctif en forme de lune.<\/p><p>[Application deux en un] &#8212; Outre la lumi\u00e8re LED, ce produit peut \u00e9galement \u00eatre utilis\u00e9 comme humidificateur de brume personnel et diffuseur d&#8217;ar\u00f4mes pour une aromath\u00e9rapie apaisante.<\/p><p>[2 modes de pulv\u00e9risation] &#8212; Mode de pulv\u00e9risation continue et mode de pulv\u00e9risation intermittente.<\/p><p>[3 couleurs de veilleuse] &#8212; Cette lampe lunaire dispose de 3 modes d&#8217;\u00e9clairage nocturne : jaune chaud, blanc, blanc et jaune.<\/p><p>[Cadeau \u00e0 la mode] &#8212; Cette veilleuse et humidificateur LED 3D est \u00e0 la mode et charmant comme cadeau pour les parents, les amis, les enfants, etc.<\/p>\t\t\t\t\t\t<\/div>\n\t\t\t\t<\/div>\n\t\t\t\t<section class=\"elementor-section elementor-inner-section elementor-element elementor-element-7639795 elementor-section-boxed elementor-section-height-default elementor-section-height-default\" data-id=\"7639795\" data-element_type=\"section\">\n\t\t\t\t\t\t<div class=\"elementor-container elementor-column-gap-no\">\n\t\t\t\t\t<div class=\"elementor-column elementor-col-100 elementor-inner-column elementor-element elementor-element-8e50627\" data-id=\"8e50627\" data-element_type=\"column\">\n\t\t\t<div class=\"elementor-widget-wrap elementor-element-populated\">\n\t\t\t\t\t\t\t\t<div class=\"elementor-element elementor-element-c9006b3 elementor-widget elementor-widget-image\" data-id=\"c9006b3\" data-element_type=\"widget\" data-widget_type=\"image.default\">\n\t\t\t\t<div class=\"elementor-widget-container\">\n\t\t\t<style>\/*! elementor - v3.17.0 - 08-11-2023 *\/\n.elementor-widget-image{text-align:center}.elementor-widget-image a{display:inline-block}.elementor-widget-image a img[src$=\".svg\"]{width:48px}.elementor-widget-image img{vertical-align:middle;display:inline-block}<\/style>\t\t\t\t\t\t\t\t\t\t\t\t<img fetchpriority=\"high\" decoding=\"async\" width=\"462\" height=\"462\" src=\"https:\/\/chiyakastore.com\/wp-content\/uploads\/2022\/01\/9b355f7c-aa51-48b3-9d8e-402a6bec2383-462x462.jpg\" class=\"attachment-large size-large wp-image-3715\" alt=\"\" \/>\t\t\t\t\t\t\t\t\t\t\t\t\t\t\t<\/div>\n\t\t\t\t<\/div>\n\t\t\t\t\t<\/div>\n\t\t<\/div>\n\t\t\t\t\t\t\t<\/div>\n\t\t<\/section>\n\t\t\t\t<section class=\"elementor-section elementor-inner-section elementor-element elementor-element-01ff01f elementor-section-boxed elementor-section-height-default elementor-section-height-default\" data-id=\"01ff01f\" data-element_type=\"section\">\n\t\t\t\t\t\t<div class=\"elementor-container elementor-column-gap-no\">\n\t\t\t\t\t<div class=\"elementor-column elementor-col-50 elementor-inner-column elementor-element elementor-element-849b629\" data-id=\"849b629\" data-element_type=\"column\" data-settings=\"{&quot;background_background&quot;:&quot;classic&quot;}\">\n\t\t\t<div class=\"elementor-widget-wrap elementor-element-populated\">\n\t\t\t\t\t\t\t\t<div class=\"elementor-element elementor-element-5d6925b elementor-widget elementor-widget-text-editor\" data-id=\"5d6925b\" data-element_type=\"widget\" data-widget_type=\"text-editor.default\">\n\t\t\t\t<div class=\"elementor-widget-container\">\n\t\t\t\t\t\t\t<div class=\"specification--title--UbVeyic\"><span data-spm-anchor-id=\"a2g0o.detail.0.i12.67b3NmITNmITss\">Is Smart Device<\/span><\/div>\t\t\t\t\t\t<\/div>\n\t\t\t\t<\/div>\n\t\t\t\t\t<\/div>\n\t\t<\/div>\n\t\t\t\t<div class=\"elementor-column elementor-col-50 elementor-inner-column elementor-element elementor-element-16f1239\" data-id=\"16f1239\" data-element_type=\"column\">\n\t\t\t<div class=\"elementor-widget-wrap elementor-element-populated\">\n\t\t\t\t\t\t\t\t<div class=\"elementor-element elementor-element-7964b26 elementor-widget elementor-widget-text-editor\" data-id=\"7964b26\" data-element_type=\"widget\" data-widget_type=\"text-editor.default\">\n\t\t\t\t<div class=\"elementor-widget-container\">\n\t\t\t\t\t\t\t<p>No<\/p>\t\t\t\t\t\t<\/div>\n\t\t\t\t<\/div>\n\t\t\t\t\t<\/div>\n\t\t<\/div>\n\t\t\t\t\t\t\t<\/div>\n\t\t<\/section>\n\t\t\t\t<section class=\"elementor-section elementor-inner-section elementor-element elementor-element-5b25e26 elementor-section-boxed elementor-section-height-default elementor-section-height-default\" data-id=\"5b25e26\" data-element_type=\"section\">\n\t\t\t\t\t\t<div class=\"elementor-container elementor-column-gap-no\">\n\t\t\t\t\t<div class=\"elementor-column elementor-col-50 elementor-inner-column elementor-element elementor-element-cf30d0b\" data-id=\"cf30d0b\" data-element_type=\"column\" data-settings=\"{&quot;background_background&quot;:&quot;classic&quot;}\">\n\t\t\t<div class=\"elementor-widget-wrap elementor-element-populated\">\n\t\t\t\t\t\t\t\t<div class=\"elementor-element elementor-element-bde7d3c elementor-widget elementor-widget-text-editor\" data-id=\"bde7d3c\" data-element_type=\"widget\" data-widget_type=\"text-editor.default\">\n\t\t\t\t<div class=\"elementor-widget-container\">\n\t\t\t\t\t\t\t<div class=\"specification--title--UbVeyic\"><span data-spm-anchor-id=\"a2g0o.detail.0.i14.67b3NmITNmITss\">Model Number<\/span><\/div>\t\t\t\t\t\t<\/div>\n\t\t\t\t<\/div>\n\t\t\t\t\t<\/div>\n\t\t<\/div>\n\t\t\t\t<div class=\"elementor-column elementor-col-50 elementor-inner-column elementor-element elementor-element-e355892\" data-id=\"e355892\" data-element_type=\"column\">\n\t\t\t<div class=\"elementor-widget-wrap elementor-element-populated\">\n\t\t\t\t\t\t\t\t<div class=\"elementor-element elementor-element-7ec1fa4 elementor-widget elementor-widget-text-editor\" data-id=\"7ec1fa4\" data-element_type=\"widget\" data-widget_type=\"text-editor.default\">\n\t\t\t\t<div class=\"elementor-widget-container\">\n\t\t\t\t\t\t\t<div class=\"specification--prop--RejitI8\"><div class=\"specification--desc--Mz148Bl\" title=\"2021-Humidifier lamp\"><span data-spm-anchor-id=\"a2g0o.detail.0.i15.67b3NmITNmITss\">2021-Humidifier lamp<\/span><\/div><\/div>\t\t\t\t\t\t<\/div>\n\t\t\t\t<\/div>\n\t\t\t\t\t<\/div>\n\t\t<\/div>\n\t\t\t\t\t\t\t<\/div>\n\t\t<\/section>\n\t\t\t\t<section class=\"elementor-section elementor-inner-section elementor-element elementor-element-4269d3b elementor-section-boxed elementor-section-height-default elementor-section-height-default\" data-id=\"4269d3b\" data-element_type=\"section\">\n\t\t\t\t\t\t<div class=\"elementor-container elementor-column-gap-no\">\n\t\t\t\t\t<div class=\"elementor-column elementor-col-50 elementor-inner-column elementor-element elementor-element-491d82e\" data-id=\"491d82e\" data-element_type=\"column\" data-settings=\"{&quot;background_background&quot;:&quot;classic&quot;}\">\n\t\t\t<div class=\"elementor-widget-wrap elementor-element-populated\">\n\t\t\t\t\t\t\t\t<div class=\"elementor-element elementor-element-68a980c elementor-widget elementor-widget-text-editor\" data-id=\"68a980c\" data-element_type=\"widget\" data-widget_type=\"text-editor.default\">\n\t\t\t\t<div class=\"elementor-widget-container\">\n\t\t\t\t\t\t\t<div class=\"specification--title--UbVeyic\" data-spm-anchor-id=\"a2g0o.detail.0.i16.67b3NmITNmITss\">Voltage<\/div>\t\t\t\t\t\t<\/div>\n\t\t\t\t<\/div>\n\t\t\t\t\t<\/div>\n\t\t<\/div>\n\t\t\t\t<div class=\"elementor-column elementor-col-50 elementor-inner-column elementor-element elementor-element-7014f8a\" data-id=\"7014f8a\" data-element_type=\"column\">\n\t\t\t<div class=\"elementor-widget-wrap elementor-element-populated\">\n\t\t\t\t\t\t\t\t<div class=\"elementor-element elementor-element-737bdcd elementor-widget elementor-widget-text-editor\" data-id=\"737bdcd\" data-element_type=\"widget\" data-widget_type=\"text-editor.default\">\n\t\t\t\t<div class=\"elementor-widget-container\">\n\t\t\t\t\t\t\t<p>5 V<\/p>\t\t\t\t\t\t<\/div>\n\t\t\t\t<\/div>\n\t\t\t\t\t<\/div>\n\t\t<\/div>\n\t\t\t\t\t\t\t<\/div>\n\t\t<\/section>\n\t\t\t\t\t<\/div>\n\t\t<\/div>\n\t\t\t\t\t\t\t<\/div>\n\t\t<\/section>\n\t\t\t\t\t\t\t<\/div>\n\t\t","protected":false},"excerpt":{"rendered":"<p>Mini lampe LED USB de Projection de plan\u00e8te, humidificateur silencieux, color\u00e9, veilleuse d&#8217;int\u00e9rieur, pour salon, chambre \u00e0 coucher, bureau<\/p>\n","protected":false},"featured_media":3711,"comment_status":"closed","ping_status":"closed","template":"","meta":[],"product_cat":[97],"product_tag":[49],"class_list":["post-46","product","type-product","status-publish","has-post-thumbnail","hentry","product_cat-cadeaux-personnalises","product_tag-men"],"_links":{"self":[{"href":"https:\/\/chiyakastore.com\/index.php\/wp-json\/wp\/v2\/product\/46"}],"collection":[{"href":"https:\/\/chiyakastore.com\/index.php\/wp-json\/wp\/v2\/product"}],"about":[{"href":"https:\/\/chiyakastore.com\/index.php\/wp-json\/wp\/v2\/types\/product"}],"replies":[{"embeddable":true,"href":"https:\/\/chiyakastore.com\/index.php\/wp-json\/wp\/v2\/comments?post=46"}],"version-history":[{"count":8,"href":"https:\/\/chiyakastore.com\/index.php\/wp-json\/wp\/v2\/product\/46\/revisions"}],"predecessor-version":[{"id":3719,"href":"https:\/\/chiyakastore.com\/index.php\/wp-json\/wp\/v2\/product\/46\/revisions\/3719"}],"wp:featuredmedia":[{"embeddable":true,"href":"https:\/\/chiyakastore.com\/index.php\/wp-json\/wp\/v2\/media\/3711"}],"wp:attachment":[{"href":"https:\/\/chiyakastore.com\/index.php\/wp-json\/wp\/v2\/media?parent=46"}],"wp:term":[{"taxonomy":"product_cat","embeddable":true,"href":"https:\/\/chiyakastore.com\/index.php\/wp-json\/wp\/v2\/product_cat?post=46"},{"taxonomy":"product_tag","embeddable":true,"href":"https:\/\/chiyakastore.com\/index.php\/wp-json\/wp\/v2\/product_tag?post=46"}],"curies":[{"name":"wp","href":"https:\/\/api.w.org\/{rel}","templated":true}]}}